 -b = -9*p + 699. What is the greatest common factor of 20 and p?
10
Let d(w) = w**3 - 9*w**2 - 9*w - 4. Let b be -1 + -1 + 5/(-20)*-12. Let o be ((-4)/5)/(b/50*-4). Let q be d(o). What is the greatest common factor of 6 and q?
6
Let h(o) = -o**2 + 5*o + 14. Let k be h(6). Let r be k*((-12)/2 - -7). What is the highest common divisor of r and 14?
2
Let p(r) = r**2 + 62*r + 543. Let o be p(-10). Let l = -400 - -860. What is the highest common divisor of l and o?
23
Suppose -p = 5 - 4, -3*r + 1192 = -4*p. What is the highest common factor of 36 and r?
36
Suppose 17*h = l + 20*h - 99, -2*l + 4*h + 148 = 0. Let j be 41/4*32/8. Let t = j + -17. What is the highest common divisor of t and l?
12
Let a be 496/40 - 8/(-5). Let v be a/(56/3228) - -7. Calculate the greatest common factor of v and 11.
11
Let l be 2/(-6) - 1/(-6)*2. Suppose 2*x - 109 + 41 = -2*w, w + 5 = l. What is the greatest common factor of 312 and x?
39
Suppose -900 = 14*n - 787 - 2381. What is the greatest common divisor of 12204 and n?
54
Let d be (-10)/(40/(-84)) - (-1 + 8 + -4). What is the greatest common factor of 18 and d?
18
Let d(g) = -48*g - 50. Let w be d(-10). Let y = w + -394. Calculate the greatest common factor of 84 and y.
12
Let z(b) = b**3 - 2*b**2 - 3*b - 3. Let y be z(-4). Let c = y + 98. Let t = 8 - 7. Calculate the highest common factor of t and c.
1
Let f = -3732 + 3887. What is the highest common factor of f and 3565?
155
Suppose -j = 91*h - 86*h - 6969, -1 = j. What is the highest common divisor of 902 and h?
82
Let h be (-6)/(-15) + 5935/(-25). Let a = h + 644. Calculate the greatest common divisor of a and 37.
37
Let i(v) = -84*v**2 + 7*v + 8. Let y be i(-2). Let h = -333 - y. Calculate the highest common factor of h and 45.
9
Let f(a) be the first derivative of 7*a**3/3 - 3*a**2/2 + 5*a + 66. Let n be (12/42)/(2/14). Let z be f(n). What is the greatest common factor of 54 and z?
27
Suppose b - 3*i = 2*i + 29, 0 = -3*b + 4*i + 76. Calculate the highest common factor of b and 120.
24
Suppose 42395 = 15*y - 18270 - 43630. Calculate the highest common divisor of 17 and y.
17
Suppose -5*r - 53 - 342 = 0. Let t = 88 + r. Calculate the greatest common divisor of t and 99.
9
Suppose 6*p + 8 = 7*p. Suppose -3*i + 1 + p = 0. Suppose g - 78 = -4*t + 91, i*g - 5*t - 473 = 0. What is the highest common factor of g and 23?
23
Suppose 4*y - 2*x = 2*y + 1204, -4*x - 611 = -y. Let q = y - 593. Calculate the greatest common factor of q and 39.
3
Let x = 3 + -28. Let r = x - -43. Let b = -5129 + 5291. What is the greatest common factor of r and b?
18
Let h be 2 - (-108)/(-24) - 10414/(-4). What is the highest common divisor of h and 17?
17
Suppose -2*p = -x - 35, -71 = -x - 74. Let f = -39 - -119. What is the greatest common divisor of p and f?
16
Suppose 44*l - 41*l - 474 = 0. Let t = l + -132. Calculate the greatest common divisor of 65 and t.
13
Let o(w) = -18*w - 174. Let a be o(-30). Suppose -n = -75 - a. What is the greatest common divisor of 9 and n?
9
Let q = 5124 + -3826. Calculate the highest common divisor of q and 177.
59
Suppose -2*v = 3*f - 24, -3*f - 7 = 3*v - 46. Suppose 3*t = x + v, 0 = -2*t - 3*x + 19 + 2. What is the greatest common divisor of 10 and t?
2
Let g be ((-856)/(-6))/4*(176 + -173). What is the highest common divisor of 749 and g?
107
Let b = -5 - -4. Let w be (-256 + b)/(5/(-5)). Suppose -w = -8*x - 25. Calculate the highest common divisor of 319 and x.
29
Suppose 0 = -c - 0 - 4. Let t be (-3)/((-6)/c)*-7. Let m be ((-2)/3)/((-7)/735). What is the greatest common factor of t and m?
14
Let t be (0 + 8/(-14))/((-1)/7). Suppose -3*l + 55 = a, -2*a - t*l = -5*a + 113. What is the highest common factor of 473 and a?
43
Suppose 152*n - 131*n - 108 = 102. Calculate the highest common factor of n and 19490.
10
Let w be (4/(-10))/(2/(-10)). Let s(a) = 14*a**3 - 2*a**2 + 3*a - 2. Let q be s(w). Suppose 11*f - q = 8*f. What is the highest common factor of 90 and f?
18
Let l be (916 - -1) + (11 - 26 - -8). What is the highest common factor of l and 26?
26
Suppose -118*u = 6994 - 20918. Calculate the greatest common divisor of u and 3835.
59
Suppose 24*x - 1632 = 912. Suppose -5*g = -4*g - 6. Let c be (-3)/g*(3 + -109). What is the highest common divisor of x and c?
53
Let r(o) = -o**2 - 23*o - 89. Let g be r(-17). Let a = 151 + 135. Suppose -13*m = -897 - a. Calculate the greatest common divisor of g and m.
13
Suppose r - 38 = -5*j + 56, -j - r + 18 = 0. Let q = 29 + -20. Suppose n + 4*n + 840 = 5*x, q = 3*n. What is the highest common factor of x and j?
19
Let k = -422 - -382. Let m(l) = -l**3 - 38*l**2 + 48*l - 80. Let g be m(k). Calculate the greatest common divisor of g and 50.
50
Let n(g) = -424*g + 139. Let r be n(-9). Suppose u - r = -5*l, -u + 5*u = l - 812. Calculate the highest common factor of l and 88.
88
Let a be ((24928/(-24))/(-4) - 11) + 24/18. Let i(f) = 2*f. Let o be i(5). Calculate the greatest common factor of o and a.
10
Let q be ((0/4)/(-6))/(-3). Let d be 2/5 + (-23)/(-5). Suppose 112 = 5*w + j - d, -2*w + 5*j + 36 = q. Calculate the highest common divisor of w and 253.
23
Let n(l) = -5*l + 52. Let h be n(10). Suppose 4*p = 12*z - 9*z - 124, 4*z - 180 = -h*p. Calculate the greatest common divisor of 308 and z.
44
Let z = 141 + -110. Suppose -34*a + 294 = -z*a. Suppose -a = -j + 3*f - f, 0 = -j - f + 95. What is the greatest common divisor of 24 and j?
24
Let s be 20*(312/(-70))/(19/(-133)). What is the highest common factor of s and 1144?
104
Let z = 48 + -43. Suppose -8 = -3*q - z. Let n = 27 + q. What is the highest common factor of n and 2?
2
Suppose 2*o = 49 - 43. Suppose o*d + 4*v = 1496, -17*d - 3*v = -18*d + 503. What is the highest common factor of 20 and d?
20
Let g be ((-81)/(-4))/((-12)/(-48)). Suppose -10*y - 1 = -g. What is the highest common factor of 16 and y?
8
Let n = 91 + -58. Suppose -n*q = -39*q + 666. Suppose q - 27 = 3*w. Calculate the highest common divisor of 140 and w.
28
Let t be ((-7)/(-4))/(-7)*-12. Suppose 4*c - 2*v - 1088 = 0, 6 = 6*v - t*v. What is the highest common factor of 78 and c?
39
Let n be 5*30/25*1. Let t be (-9 + 58/n)*891. What is the greatest common divisor of 18 and t?
18
Let u = 49 + -65. Let h = -33 + -9. Let o be (-2 + u)*h/4. Calculate the highest common factor of o and 27.
27
Suppose -13*f = 20*f - 1287. Suppose 248 - 1964 = -f*y. Calculate the greatest common divisor of 8 and y.
4
Suppose 13*a - 798 = -44. Suppose -3*j = -13 + 28. Let w = 34 + j. Calculate the greatest common divisor of a and w.
29
Let i be 2/3*3/2. Let f be (-6)/15*(i + -96). Let l be ((-1153)/(-5) - 3 - 10/(-25))/2. Calculate the highest common factor of f and l.
38
Let u = 28 - 8. Let r be (-720)/u*-2*4/2. Suppose -8*p + r = -2*p. What is the highest common factor of 16 and p?
8
Suppose 722 + 169 = 18*y - 189. Suppose 2*k - 112 = -3*g, 5*g - 164 - 10 = 3*k. Calculate the highest common factor of y and g.
12
Let n = -415 - -604. Let r = n - 105. Calculate the highest common divisor of 28 and r.
28
Let v be -13 - (593 - 20)/(-1). What is the greatest common divisor of v and 1925?
35
Let k(d) = 49*d**2 - 143*d**2 + 47*d**2 + 49*d**2 - 147 + 68*d. Let s be k(-37). What is the greatest common divisor of s and 200?
25
Suppose 4*m = -31*s + 29*s + 3354, -2*m - 8385 = -5*s. What is the greatest common factor of 129 and s?
129
Suppose -15*n - 14*n = -24*n - 120. Let t = -79 - -139. What is the highest common factor of t and n?
12
Let k(z) = 3*z**3 + 97*z**2 + 25*z + 103. Let v be k(-32). What is the greatest common factor of 24 and v?
3
Let w be ((-400)/15)/(-8)*(-11448)/(-30). What is the highest common divisor of 240 and w?
24
Let w = -4081 - -4219. What is the highest common divisor of w and 51?
3
Let j be 3/6 - ((-28)/8 - -1). Let c be ((-8)/j - 1)*-129. Calculate the greatest common factor of 43 and c.
43
Let a = -24620 + 24824. Calculate the greatest common factor of a and 11628.
204
Let z = 267 - 239. Let f(a) = -4*a + 116. Let o be f(z). What is the highest common divisor of 72 and o?
4
Suppose 48*y - 43*y - 25 = 0. Suppose 2 = -2*g + 10. Suppose g*t + 25 = 5*o - 21, 0 = y*o - 5*t - 50. Calculate the greatest common factor of 15 and o.
3
Let n = -9193 + 9705. Calculate the greatest common divisor of n and 224.
